{"id":424,"date":"2024-11-01T13:01:57","date_gmt":"2024-11-01T12:01:57","guid":{"rendered":"https:\/\/acceptationdesoi.fr\/index.php\/classes-2\/"},"modified":"2024-11-05T16:07:21","modified_gmt":"2024-11-05T15:07:21","slug":"mon-approche","status":"publish","type":"page","link":"https:\/\/acceptationdesoi.fr\/index.php\/mon-approche\/","title":{"rendered":"Mon approche en pratique"},"content":{"rendered":"\n<div id=\"wp-block-themeisle-blocks-advanced-columns-de58857b\" class=\"wp-block-themeisle-blocks-advanced-columns alignfull has-1-columns has-desktop-equal-layout has-tablet-equal-layout has-mobile-equal-layout has-vertical-unset\"><div class=\"wp-block-themeisle-blocks-advanced-columns-overlay\"><\/div><div class=\"innerblocks-wrap\">\n<div id=\"wp-block-themeisle-blocks-advanced-column-f2953736\" class=\"wp-block-themeisle-blocks-advanced-column\">\n<div id=\"wp-block-themeisle-blocks-font-awesome-icons-5e38cfed\" class=\"wp-block-themeisle-blocks-font-awesome-icons\"><span class=\"wp-block-themeisle-blocks-font-awesome-icons-container\"><i class=\"fas fa-spa\"><\/i><\/span><\/div>\n\n\n\n<h1 id=\"wp-block-themeisle-blocks-advanced-heading-7665c6b9\" class=\"wp-block-themeisle-blocks-advanced-heading wp-block-themeisle-blocks-advanced-heading-7665c6b9\">Mon approche th\u00e9rapeutique en pratique<\/h1>\n\n\n\n<p class=\"has-text-align-center has-medium-font-size\">Le client s&rsquo;estime comme une personne qui a s\u00fbrement ses faiblesses et ses forces mais qui a une valeur fondamentale\u2026<br><br><strong>Les 5 \u00e9l\u00e9ments cl\u00e9s de mon approche th\u00e9rapeutique :<\/strong><\/p>\n<\/div>\n<\/div><\/div>\n\n\n\n<div id=\"wp-block-themeisle-blocks-advanced-columns-e791a706\" class=\"wp-block-themeisle-blocks-advanced-columns alignfull has-2-columns has-desktop-equal-layout has-tablet-equal-layout has-mobile-collapsedRows-layout has-vertical-unset has-light-bg\"><div class=\"wp-block-themeisle-blocks-advanced-columns-overlay\"><\/div><div class=\"innerblocks-wrap\">\n<div id=\"wp-block-themeisle-blocks-advanced-column-7d6af005\" class=\"wp-block-themeisle-blocks-advanced-column\">\n<div style=\"height:300px\" aria-hidden=\"true\" class=\"wp-block-spacer\"><\/div>\n<\/div>\n\n\n\n<div id=\"wp-block-themeisle-blocks-advanced-column-6ffd9acd\" class=\"wp-block-themeisle-blocks-advanced-column has-light-bg\">\n<h2 class=\"wp-block-heading has-text-align-center has-neve-link-hover-color-color has-text-color has-link-color wp-elements-623811e746596af4efc8b0941e749c51\">Ouverture et non-jugement<\/h2>\n\n\n\n<p class=\"has-text-align-center has-nv-text-dark-bg-color has-text-color has-link-color wp-elements-dd3f9ca114c7884f930029b778d8168c\">1 &#8211; Mon approche offre un climat d\u2019ouverture, de non-jugement et de compr\u00e9hension, qui vous permet de faire une profonde exp\u00e9rience de vous-m\u00eame.<br><br><br><\/p>\n\n\n\n<h2 class=\"wp-block-heading has-text-align-center has-neve-link-hover-color-color has-text-color has-link-color wp-elements-d2ca1f60df748ca20f295427b83b5ecf\">Nous cr\u00e9ons ensemble la relation th\u00e9rapeutique<\/h2>\n\n\n\n<p class=\"has-text-align-center has-nv-text-dark-bg-color has-text-color has-link-color wp-elements-70d2fc0e9b353224637130d0233d729d\"><br>2 &#8211; Je suis l\u00e0 en tant que personne, pas seulement en tant que th\u00e9rapeute, sans avoir besoin de m&rsquo;abriter derri\u00e8re le r\u00f4le de sp\u00e9cialiste ou d&rsquo;expert du psychisme qui aurait un pouvoir sur vous.<\/p>\n<\/div>\n<\/div><\/div>\n\n\n\n<div id=\"wp-block-themeisle-blocks-advanced-columns-16fac211\" class=\"wp-block-themeisle-blocks-advanced-columns alignfull has-2-columns has-desktop-equal-layout has-tablet-equal-layout has-mobile-collapsedRows-layout has-reverse-columns-mobile has-vertical-unset has-light-bg\"><div class=\"wp-block-themeisle-blocks-advanced-columns-overlay\"><\/div><div class=\"innerblocks-wrap\">\n<div id=\"wp-block-themeisle-blocks-advanced-column-ed73681d\" class=\"wp-block-themeisle-blocks-advanced-column has-light-bg\">\n<h2 class=\"wp-block-heading has-text-align-center has-neve-link-hover-color-color has-text-color has-link-color wp-elements-fd24d858795444cb5cab4c5e6b5d5fbd\">Une personne unique<\/h2>\n\n\n\n<p class=\"has-text-align-center has-nv-text-dark-bg-color has-text-color has-link-color wp-elements-e8702bf66088e43a3fd1e1ce768b1b58\">3 &#8211; Je ne traite pas une maladie ou un sympt\u00f4me, je rencontre une personne unique. Vous n&rsquo;\u00eates pas identifi\u00e9 \u00e0 une pathologie.<br><br><br><\/p>\n\n\n\n<h2 class=\"wp-block-heading has-text-align-center has-neve-link-hover-color-color has-text-color has-link-color wp-elements-a1bfac12ca64e9933b7d4e43da55b9de\">L&rsquo;exp\u00e9rience imm\u00e9diate<\/h2>\n\n\n\n<p class=\"has-text-align-center has-nv-text-dark-bg-color has-text-color has-link-color wp-elements-559337822130f1d69bb26c3e5c618243\"><br>4 &#8211; Je vous aide \u00e0 acqu\u00e9rir une connaissance sur vous-m\u00eame et \u00e0 trouver un \u00e9quilibre \u00e9motionnel plus int\u00e9gr\u00e9.<\/p>\n<\/div>\n\n\n\n<div id=\"wp-block-themeisle-blocks-advanced-column-6b6a948a\" class=\"wp-block-themeisle-blocks-advanced-column\">\n<div style=\"height:300px\" aria-hidden=\"true\" class=\"wp-block-spacer\"><\/div>\n<\/div>\n<\/div><\/div>\n\n\n\n<div id=\"wp-block-themeisle-blocks-advanced-columns-e4c8621b\" class=\"wp-block-themeisle-blocks-advanced-columns alignfull has-2-columns has-desktop-equal-layout has-tablet-equal-layout has-mobile-collapsedRows-layout has-vertical-unset has-light-bg\"><div class=\"wp-block-themeisle-blocks-advanced-columns-overlay\"><\/div><div class=\"innerblocks-wrap\">\n<div id=\"wp-block-themeisle-blocks-advanced-column-c0c84255\" class=\"wp-block-themeisle-blocks-advanced-column\">\n<div style=\"height:300px\" aria-hidden=\"true\" class=\"wp-block-spacer\"><\/div>\n<\/div>\n\n\n\n<div id=\"wp-block-themeisle-blocks-advanced-column-dac4969e\" class=\"wp-block-themeisle-blocks-advanced-column has-light-bg\">\n<h2 class=\"wp-block-heading has-text-align-center has-neve-link-hover-color-color has-text-color has-link-color wp-elements-2c8f09917923f5a65715ed7cc625062e\"><br>ACP<\/h2>\n\n\n\n<h5 class=\"wp-block-heading has-text-align-center\">Psychoth\u00e9rapie Centr\u00e9e sur la Personne<\/h5>\n\n\n\n<p class=\"has-text-align-center has-nv-text-dark-bg-color has-text-color has-link-color wp-elements-c207f2acc2108ce26eedd7ca070f8fe6\">5 &#8211; L&rsquo;acceptation de soi est un des effets de la Psychoth\u00e9rapie Centr\u00e9e sur la Personne que je vous propose, en vous aidant \u00e0 nommer et comprendre les diff\u00e9rents niveaux d&rsquo;exp\u00e9rience de vous-m\u00eame, pierre angulaire d&rsquo;un changement profond et \u00e9volutif.<br><br><\/p>\n<\/div>\n<\/div><\/div>\n\n\n\n<div id=\"wp-block-themeisle-blocks-advanced-columns-77871132\" class=\"wp-block-themeisle-blocks-advanced-columns alignfull has-1-columns has-desktop-equal-layout has-tablet-equal-layout has-mobile-equal-layout has-vertical-unset has-light-bg\"><div class=\"wp-block-themeisle-blocks-advanced-columns-overlay\"><\/div><div class=\"innerblocks-wrap\">\n<div id=\"wp-block-themeisle-blocks-advanced-column-43297be3\" class=\"wp-block-themeisle-blocks-advanced-column\">\n<div id=\"wp-block-themeisle-blocks-font-awesome-icons-ab06c663\" class=\"wp-block-themeisle-blocks-font-awesome-icons\"><span class=\"wp-block-themeisle-blocks-font-awesome-icons-container\"><i class=\"fas fa-spa\"><\/i><\/span><\/div>\n\n\n\n<p class=\"has-text-align-center has-nv-c-2-color has-text-color has-medium-font-size\"><em>\u00ab&nbsp;L&rsquo;individu a en lui des capacit\u00e9s consid\u00e9rables de se comprendre, de changer l&rsquo;id\u00e9e qu&rsquo;il a de lui-m\u00eame, ses attitudes et sa mani\u00e8re de se conduire ; il peut puiser dans ces ressources pourvu que lui soit assur\u00e9 un climat d&rsquo;attitudes psychologiques \u00ab\u00a0facilitatrices\u00a0\u00bb que l&rsquo;on peut d\u00e9terminer&nbsp;\u00bb.<\/em><\/p>\n\n\n\n<p class=\"has-text-align-center has-neve-link-hover-color-color has-text-color has-medium-font-size\"><em>\u00ab\u00a0Je r\u00e9alise que si j\u2019\u00e9tais stable, prudent et statique, je vivrais dans la mort.&nbsp;Par cons\u00e9quent, j\u2019accepte la confusion, l\u2019incertitude, la peur ainsi que les hauts et les bas \u00e9motionnels.&nbsp;Parce qu\u2019il s\u2019agit du prix que je suis pr\u00eat \u00e0 payer pour une vie fluide, perplexe et passionnante.\u201d<\/em> <\/p>\n\n\n\n<p class=\"has-text-align-center has-neve-link-hover-color-color has-text-color has-medium-font-size\">&#8211; <strong><a href=\"https:\/\/www.acpfrance.fr\/qui-est-carl-rogers\/\">Carl Rogers<\/a><\/strong><\/p>\n\n\n\n<hr class=\"wp-block-separator has-text-color has-nv-text-dark-bg-color has-css-opacity has-nv-text-dark-bg-background-color has-background\"\/>\n\n\n\n<div class=\"wp-block-buttons is-horizontal is-content-justification-center is-layout-flex wp-container-core-buttons-is-layout-499968f5 wp-block-buttons-is-layout-flex\">\n<div class=\"wp-block-button is-style-primary\"><a class=\"wp-block-button__link wp-element-button\" href=\"https:\/\/acceptationdesoi.fr\/index.php\/contact-2\/\">Me contacter<\/a><\/div>\n<\/div>\n<\/div>\n<\/div><\/div>\n","protected":false},"excerpt":{"rendered":"","protected":false},"author":1,"featured_media":0,"parent":0,"menu_order":0,"comment_status":"closed","ping_status":"closed","template":"page-templates\/template-pagebuilder-full-width.php","meta":{"neve_meta_sidebar":"full-width","neve_meta_container":"","neve_meta_enable_content_width":"on","neve_meta_content_width":100,"neve_meta_title_alignment":"","neve_meta_author_avatar":"","neve_post_elements_order":"","neve_meta_disable_header":"","neve_meta_disable_footer":"","neve_meta_disable_title":"on","_themeisle_gutenberg_block_has_review":false,"_ti_tpc_template_sync":false,"_ti_tpc_template_id":"","footnotes":""},"class_list":["post-424","page","type-page","status-publish","hentry"],"yoast_head":"<!-- This site is optimized with the Yoast SEO plugin v23.8 - https:\/\/yoast.com\/wordpress\/plugins\/seo\/ -->\n<title>Mon approche en pratique - Acceptation de soi<\/title>\n<meta name=\"description\" content=\"Mon approche en pratique : le client s\u2019estime comme une personne qui a s\u00fbrement ses faiblesses et ses forces mais il a une valeur fondamentale\" \/>\n<meta name=\"robots\" content=\"index, follow, max-snippet:-1, max-image-preview:large, max-video-preview:-1\" \/>\n<link rel=\"canonical\" href=\"https:\/\/acceptationdesoi.fr\/index.php\/mon-approche\/\" \/>\n<meta property=\"og:locale\" content=\"fr_FR\" \/>\n<meta property=\"og:type\" content=\"article\" \/>\n<meta property=\"og:title\" content=\"Mon approche en pratique - Acceptation de soi\" \/>\n<meta property=\"og:description\" content=\"Mon approche en pratique : le client s\u2019estime comme une personne qui a s\u00fbrement ses faiblesses et ses forces mais il a une valeur fondamentale\" \/>\n<meta property=\"og:url\" content=\"https:\/\/acceptationdesoi.fr\/index.php\/mon-approche\/\" \/>\n<meta property=\"og:site_name\" content=\"Acceptation de soi\" \/>\n<meta property=\"article:modified_time\" content=\"2024-11-05T15:07:21+00:00\" \/>\n<meta name=\"twitter:card\" content=\"summary_large_image\" \/>\n<meta name=\"twitter:label1\" content=\"Dur\u00e9e de lecture estim\u00e9e\" \/>\n\t<meta name=\"twitter:data1\" content=\"2 minutes\" \/>\n<script type=\"application\/ld+json\" class=\"yoast-schema-graph\">{\"@context\":\"https:\/\/schema.org\",\"@graph\":[{\"@type\":\"WebPage\",\"@id\":\"https:\/\/acceptationdesoi.fr\/index.php\/mon-approche\/\",\"url\":\"https:\/\/acceptationdesoi.fr\/index.php\/mon-approche\/\",\"name\":\"Mon approche en pratique - Acceptation de soi\",\"isPartOf\":{\"@id\":\"https:\/\/acceptationdesoi.fr\/#website\"},\"datePublished\":\"2024-11-01T12:01:57+00:00\",\"dateModified\":\"2024-11-05T15:07:21+00:00\",\"description\":\"Mon approche en pratique : le client s\u2019estime comme une personne qui a s\u00fbrement ses faiblesses et ses forces mais il a une valeur fondamentale\",\"breadcrumb\":{\"@id\":\"https:\/\/acceptationdesoi.fr\/index.php\/mon-approche\/#breadcrumb\"},\"inLanguage\":\"fr-FR\",\"potentialAction\":[{\"@type\":\"ReadAction\",\"target\":[\"https:\/\/acceptationdesoi.fr\/index.php\/mon-approche\/\"]}]},{\"@type\":\"BreadcrumbList\",\"@id\":\"https:\/\/acceptationdesoi.fr\/index.php\/mon-approche\/#breadcrumb\",\"itemListElement\":[{\"@type\":\"ListItem\",\"position\":1,\"name\":\"Accueil\",\"item\":\"https:\/\/acceptationdesoi.fr\/\"},{\"@type\":\"ListItem\",\"position\":2,\"name\":\"Mon approche en pratique\"}]},{\"@type\":\"WebSite\",\"@id\":\"https:\/\/acceptationdesoi.fr\/#website\",\"url\":\"https:\/\/acceptationdesoi.fr\/\",\"name\":\"Acceptation de soi\",\"description\":\"Psychoth\u00e9rapie exp\u00e9riencielle en Approche centr\u00e9e sur la personne, selon la voie de Carl Rogers\",\"publisher\":{\"@id\":\"https:\/\/acceptationdesoi.fr\/#organization\"},\"potentialAction\":[{\"@type\":\"SearchAction\",\"target\":{\"@type\":\"EntryPoint\",\"urlTemplate\":\"https:\/\/acceptationdesoi.fr\/?s={search_term_string}\"},\"query-input\":{\"@type\":\"PropertyValueSpecification\",\"valueRequired\":true,\"valueName\":\"search_term_string\"}}],\"inLanguage\":\"fr-FR\"},{\"@type\":\"Organization\",\"@id\":\"https:\/\/acceptationdesoi.fr\/#organization\",\"name\":\"Acceptation de soi\",\"url\":\"https:\/\/acceptationdesoi.fr\/\",\"logo\":{\"@type\":\"ImageObject\",\"inLanguage\":\"fr-FR\",\"@id\":\"https:\/\/acceptationdesoi.fr\/#\/schema\/logo\/image\/\",\"url\":\"https:\/\/acceptationdesoi.fr\/wp-content\/uploads\/2024\/11\/LogoADS.jpg\",\"contentUrl\":\"https:\/\/acceptationdesoi.fr\/wp-content\/uploads\/2024\/11\/LogoADS.jpg\",\"width\":456,\"height\":86,\"caption\":\"Acceptation de soi\"},\"image\":{\"@id\":\"https:\/\/acceptationdesoi.fr\/#\/schema\/logo\/image\/\"}}]}<\/script>\n<!-- \/ Yoast SEO plugin. -->","yoast_head_json":{"title":"Mon approche en pratique - Acceptation de soi","description":"Mon approche en pratique : le client s\u2019estime comme une personne qui a s\u00fbrement ses faiblesses et ses forces mais il a une valeur fondamentale","robots":{"index":"index","follow":"follow","max-snippet":"max-snippet:-1","max-image-preview":"max-image-preview:large","max-video-preview":"max-video-preview:-1"},"canonical":"https:\/\/acceptationdesoi.fr\/index.php\/mon-approche\/","og_locale":"fr_FR","og_type":"article","og_title":"Mon approche en pratique - Acceptation de soi","og_description":"Mon approche en pratique : le client s\u2019estime comme une personne qui a s\u00fbrement ses faiblesses et ses forces mais il a une valeur fondamentale","og_url":"https:\/\/acceptationdesoi.fr\/index.php\/mon-approche\/","og_site_name":"Acceptation de soi","article_modified_time":"2024-11-05T15:07:21+00:00","twitter_card":"summary_large_image","twitter_misc":{"Dur\u00e9e de lecture estim\u00e9e":"2 minutes"},"schema":{"@context":"https:\/\/schema.org","@graph":[{"@type":"WebPage","@id":"https:\/\/acceptationdesoi.fr\/index.php\/mon-approche\/","url":"https:\/\/acceptationdesoi.fr\/index.php\/mon-approche\/","name":"Mon approche en pratique - Acceptation de soi","isPartOf":{"@id":"https:\/\/acceptationdesoi.fr\/#website"},"datePublished":"2024-11-01T12:01:57+00:00","dateModified":"2024-11-05T15:07:21+00:00","description":"Mon approche en pratique : le client s\u2019estime comme une personne qui a s\u00fbrement ses faiblesses et ses forces mais il a une valeur fondamentale","breadcrumb":{"@id":"https:\/\/acceptationdesoi.fr\/index.php\/mon-approche\/#breadcrumb"},"inLanguage":"fr-FR","potentialAction":[{"@type":"ReadAction","target":["https:\/\/acceptationdesoi.fr\/index.php\/mon-approche\/"]}]},{"@type":"BreadcrumbList","@id":"https:\/\/acceptationdesoi.fr\/index.php\/mon-approche\/#breadcrumb","itemListElement":[{"@type":"ListItem","position":1,"name":"Accueil","item":"https:\/\/acceptationdesoi.fr\/"},{"@type":"ListItem","position":2,"name":"Mon approche en pratique"}]},{"@type":"WebSite","@id":"https:\/\/acceptationdesoi.fr\/#website","url":"https:\/\/acceptationdesoi.fr\/","name":"Acceptation de soi","description":"Psychoth\u00e9rapie exp\u00e9riencielle en Approche centr\u00e9e sur la personne, selon la voie de Carl Rogers","publisher":{"@id":"https:\/\/acceptationdesoi.fr\/#organization"},"potentialAction":[{"@type":"SearchAction","target":{"@type":"EntryPoint","urlTemplate":"https:\/\/acceptationdesoi.fr\/?s={search_term_string}"},"query-input":{"@type":"PropertyValueSpecification","valueRequired":true,"valueName":"search_term_string"}}],"inLanguage":"fr-FR"},{"@type":"Organization","@id":"https:\/\/acceptationdesoi.fr\/#organization","name":"Acceptation de soi","url":"https:\/\/acceptationdesoi.fr\/","logo":{"@type":"ImageObject","inLanguage":"fr-FR","@id":"https:\/\/acceptationdesoi.fr\/#\/schema\/logo\/image\/","url":"https:\/\/acceptationdesoi.fr\/wp-content\/uploads\/2024\/11\/LogoADS.jpg","contentUrl":"https:\/\/acceptationdesoi.fr\/wp-content\/uploads\/2024\/11\/LogoADS.jpg","width":456,"height":86,"caption":"Acceptation de soi"},"image":{"@id":"https:\/\/acceptationdesoi.fr\/#\/schema\/logo\/image\/"}}]}},"jetpack_sharing_enabled":true,"_links":{"self":[{"href":"https:\/\/acceptationdesoi.fr\/index.php\/wp-json\/wp\/v2\/pages\/424","targetHints":{"allow":["GET"]}}],"collection":[{"href":"https:\/\/acceptationdesoi.fr\/index.php\/wp-json\/wp\/v2\/pages"}],"about":[{"href":"https:\/\/acceptationdesoi.fr\/index.php\/wp-json\/wp\/v2\/types\/page"}],"author":[{"embeddable":true,"href":"https:\/\/acceptationdesoi.fr\/index.php\/wp-json\/wp\/v2\/users\/1"}],"replies":[{"embeddable":true,"href":"https:\/\/acceptationdesoi.fr\/index.php\/wp-json\/wp\/v2\/comments?post=424"}],"version-history":[{"count":48,"href":"https:\/\/acceptationdesoi.fr\/index.php\/wp-json\/wp\/v2\/pages\/424\/revisions"}],"predecessor-version":[{"id":947,"href":"https:\/\/acceptationdesoi.fr\/index.php\/wp-json\/wp\/v2\/pages\/424\/revisions\/947"}],"wp:attachment":[{"href":"https:\/\/acceptationdesoi.fr\/index.php\/wp-json\/wp\/v2\/media?parent=424"}],"curies":[{"name":"wp","href":"https:\/\/api.w.org\/{rel}","templated":true}]}}