{"id":425,"date":"2024-11-01T13:01:57","date_gmt":"2024-11-01T12:01:57","guid":{"rendered":"https:\/\/acceptationdesoi.fr\/index.php\/about-2\/"},"modified":"2026-04-06T17:37:04","modified_gmt":"2026-04-06T15:37:04","slug":"psychotherapeute","status":"publish","type":"page","link":"https:\/\/acceptationdesoi.fr\/index.php\/psychotherapeute\/","title":{"rendered":"Qui je suis"},"content":{"rendered":"\n<div class=\"wp-block-columns is-layout-flex wp-container-core-columns-is-layout-9d6595d7 wp-block-columns-is-layout-flex\">\n<div class=\"wp-block-column is-vertically-aligned-stretch is-layout-flow wp-block-column-is-layout-flow\" style=\"flex-basis:100%\">\n<div id=\"wp-block-themeisle-blocks-advanced-columns-e9cd1f42\" class=\"wp-block-themeisle-blocks-advanced-columns has-2-columns has-desktop-equal-layout has-tablet-equal-layout has-mobile-collapsedRows-layout has-vertical-center has-light-bg\"><div class=\"wp-block-themeisle-blocks-advanced-columns-overlay\"><\/div><div class=\"innerblocks-wrap\">\n<div id=\"wp-block-themeisle-blocks-advanced-column-0b871236\" class=\"wp-block-themeisle-blocks-advanced-column\">\n<h2 class=\"wp-block-heading has-text-align-center has-nv-c-1-color has-text-color\"><strong>QUI JE SUIS ?<\/strong><\/h2>\n\n\n\n<h3 class=\"wp-block-heading has-text-align-center\">Psychoth\u00e9rapeute dans l\u2019Approche Centr\u00e9e sur la Personne<\/h3>\n\n\n\n<p class=\"has-text-align-left\">Je suis psychoth\u00e9rapeute en Approche Centr\u00e9e sur la Personne, une d\u00e9marche profond\u00e9ment humaine, fond\u00e9e sur l\u2019\u00e9coute, le respect et l\u2019accueil sans jugement.<\/p>\n<\/div>\n\n\n\n<div id=\"wp-block-themeisle-blocks-advanced-column-f001c53d\" class=\"wp-block-themeisle-blocks-advanced-column\"><div class=\"wp-block-image\">\n<figure class=\"aligncenter size-full\"><img loading=\"lazy\" decoding=\"async\" width=\"1536\" height=\"1024\" src=\"https:\/\/acceptationdesoi.fr\/wp-content\/uploads\/2026\/04\/Seance-de-therapie-apaisante_.png\" alt=\"\" class=\"wp-image-2485\" srcset=\"https:\/\/acceptationdesoi.fr\/wp-content\/uploads\/2026\/04\/Seance-de-therapie-apaisante_.png 1536w, https:\/\/acceptationdesoi.fr\/wp-content\/uploads\/2026\/04\/Seance-de-therapie-apaisante_-300x200.png 300w, https:\/\/acceptationdesoi.fr\/wp-content\/uploads\/2026\/04\/Seance-de-therapie-apaisante_-1024x683.png 1024w, https:\/\/acceptationdesoi.fr\/wp-content\/uploads\/2026\/04\/Seance-de-therapie-apaisante_-768x512.png 768w, https:\/\/acceptationdesoi.fr\/wp-content\/uploads\/2026\/04\/Seance-de-therapie-apaisante_-930x620.png 930w\" sizes=\"auto, (max-width: 1536px) 100vw, 1536px\" \/><\/figure>\n<\/div><\/div>\n<\/div><\/div>\n<\/div>\n<\/div>\n\n\n\n<div class=\"wp-block-group has-light-bg\"><div class=\"wp-block-group__inner-container is-layout-constrained wp-block-group-is-layout-constrained\">\n<div id=\"wp-block-themeisle-blocks-advanced-columns-22e376d7\" class=\"wp-block-themeisle-blocks-advanced-columns has-1-columns has-desktop-equal-layout has-tablet-equal-layout has-mobile-equal-layout has-vertical-unset has-vertical-undefined\"><div class=\"wp-block-themeisle-blocks-advanced-columns-overlay\"><\/div><div class=\"innerblocks-wrap\">\n<div id=\"wp-block-themeisle-blocks-advanced-column-a6f91a75\" class=\"wp-block-themeisle-blocks-advanced-column\">\n<p class=\"has-text-align-left\">Mon accompagnement s\u2019inscrit dans une vision de la relation d\u2019aide o\u00f9 chaque personne est consid\u00e9r\u00e9e dans sa singularit\u00e9, avec ses fragilit\u00e9s, ses ressources et son propre rythme d\u2019\u00e9volution.<\/p>\n\n\n\n<p class=\"has-text-align-left\">Je fais partie de l\u2019Association Fran\u00e7aise de Psychoth\u00e9rapie dans l\u2019Approche Centr\u00e9e sur la Personne (AFP-ACP) ainsi que de la F\u00e9d\u00e9ration Fran\u00e7aise de Psychoth\u00e9rapie et Psychanalyse (FF2P). Je suis \u00e9galement supervis\u00e9e r\u00e9guli\u00e8rement par un psychologue et psychoth\u00e9rapeute.<\/p>\n\n\n\n<p class=\"has-text-align-left\">Mon parcours personnel et professionnel m\u2019a conduite \u00e0 d\u00e9velopper une attention particuli\u00e8re \u00e0 la vuln\u00e9rabilit\u00e9 humaine, mais aussi \u00e0 la capacit\u00e9 de chacun \u00e0 se transformer lorsqu\u2019il se sent accueilli, compris et respect\u00e9.<\/p>\n\n\n\n<p class=\"has-text-align-left\"><em><strong>J\u2019exerce avec simplicit\u00e9, authenticit\u00e9 et engagement, dans un cadre s\u00e9curisant et bienveillant.<\/strong><\/em><\/p>\n\n\n\n<div class=\"wp-block-buttons is-content-justification-center is-layout-flex wp-container-core-buttons-is-layout-16018d1d wp-block-buttons-is-layout-flex\">\n<div class=\"wp-block-button\"><a class=\"wp-block-button__link wp-element-button\">Prendre contact<\/a><\/div>\n<\/div>\n<\/div>\n<\/div><\/div>\n<\/div><\/div>\n","protected":false},"excerpt":{"rendered":"","protected":false},"author":1,"featured_media":0,"parent":0,"menu_order":0,"comment_status":"closed","ping_status":"closed","template":"","meta":{"neve_meta_sidebar":"","neve_meta_container":"","neve_meta_enable_content_width":"","neve_meta_content_width":0,"neve_meta_title_alignment":"","neve_meta_author_avatar":"","neve_post_elements_order":"","neve_meta_disable_header":"","neve_meta_disable_footer":"","neve_meta_disable_title":"","_themeisle_gutenberg_block_has_review":false,"_ti_tpc_template_sync":false,"_ti_tpc_template_id":"","footnotes":""},"class_list":["post-425","page","type-page","status-publish","hentry"],"yoast_head":"<!-- This site is optimized with the Yoast SEO plugin v23.8 - https:\/\/yoast.com\/wordpress\/plugins\/seo\/ -->\n<title>Qui je suis - Acceptation de soi<\/title>\n<meta name=\"description\" content=\"Pourquoi je peux vous aider ? Y voir plus clair pour surmonter vos difficult\u00e9s. Psychoth\u00e9rapeute dans l\u2019Approche Centr\u00e9e sur la Personne.\" \/>\n<meta name=\"robots\" content=\"index, follow, max-snippet:-1, max-image-preview:large, max-video-preview:-1\" \/>\n<link rel=\"canonical\" href=\"https:\/\/acceptationdesoi.fr\/index.php\/psychotherapeute\/\" \/>\n<meta property=\"og:locale\" content=\"fr_FR\" \/>\n<meta property=\"og:type\" content=\"article\" \/>\n<meta property=\"og:title\" content=\"Qui je suis - Acceptation de soi\" \/>\n<meta property=\"og:description\" content=\"Pourquoi je peux vous aider ? Y voir plus clair pour surmonter vos difficult\u00e9s. Psychoth\u00e9rapeute dans l\u2019Approche Centr\u00e9e sur la Personne.\" \/>\n<meta property=\"og:url\" content=\"https:\/\/acceptationdesoi.fr\/index.php\/psychotherapeute\/\" \/>\n<meta property=\"og:site_name\" content=\"Acceptation de soi\" \/>\n<meta property=\"article:modified_time\" content=\"2026-04-06T15:37:04+00:00\" \/>\n<meta property=\"og:image\" content=\"https:\/\/acceptationdesoi.fr\/wp-content\/uploads\/2026\/04\/Seance-de-therapie-apaisante_.png\" \/>\n\t<meta property=\"og:image:width\" content=\"1536\" \/>\n\t<meta property=\"og:image:height\" content=\"1024\" \/>\n\t<meta property=\"og:image:type\" content=\"image\/png\" \/>\n<meta name=\"twitter:card\" content=\"summary_large_image\" \/>\n<meta name=\"twitter:label1\" content=\"Dur\u00e9e de lecture estim\u00e9e\" \/>\n\t<meta name=\"twitter:data1\" content=\"1 minute\" \/>\n<script type=\"application\/ld+json\" class=\"yoast-schema-graph\">{\"@context\":\"https:\/\/schema.org\",\"@graph\":[{\"@type\":\"WebPage\",\"@id\":\"https:\/\/acceptationdesoi.fr\/index.php\/psychotherapeute\/\",\"url\":\"https:\/\/acceptationdesoi.fr\/index.php\/psychotherapeute\/\",\"name\":\"Qui je suis - Acceptation de soi\",\"isPartOf\":{\"@id\":\"https:\/\/acceptationdesoi.fr\/#website\"},\"primaryImageOfPage\":{\"@id\":\"https:\/\/acceptationdesoi.fr\/index.php\/psychotherapeute\/#primaryimage\"},\"image\":{\"@id\":\"https:\/\/acceptationdesoi.fr\/index.php\/psychotherapeute\/#primaryimage\"},\"thumbnailUrl\":\"https:\/\/acceptationdesoi.fr\/wp-content\/uploads\/2026\/04\/Seance-de-therapie-apaisante_.png\",\"datePublished\":\"2024-11-01T12:01:57+00:00\",\"dateModified\":\"2026-04-06T15:37:04+00:00\",\"description\":\"Pourquoi je peux vous aider ? Y voir plus clair pour surmonter vos difficult\u00e9s. Psychoth\u00e9rapeute dans l\u2019Approche Centr\u00e9e sur la Personne.\",\"breadcrumb\":{\"@id\":\"https:\/\/acceptationdesoi.fr\/index.php\/psychotherapeute\/#breadcrumb\"},\"inLanguage\":\"fr-FR\",\"potentialAction\":[{\"@type\":\"ReadAction\",\"target\":[\"https:\/\/acceptationdesoi.fr\/index.php\/psychotherapeute\/\"]}]},{\"@type\":\"ImageObject\",\"inLanguage\":\"fr-FR\",\"@id\":\"https:\/\/acceptationdesoi.fr\/index.php\/psychotherapeute\/#primaryimage\",\"url\":\"https:\/\/acceptationdesoi.fr\/wp-content\/uploads\/2026\/04\/Seance-de-therapie-apaisante_.png\",\"contentUrl\":\"https:\/\/acceptationdesoi.fr\/wp-content\/uploads\/2026\/04\/Seance-de-therapie-apaisante_.png\",\"width\":1536,\"height\":1024},{\"@type\":\"BreadcrumbList\",\"@id\":\"https:\/\/acceptationdesoi.fr\/index.php\/psychotherapeute\/#breadcrumb\",\"itemListElement\":[{\"@type\":\"ListItem\",\"position\":1,\"name\":\"Accueil\",\"item\":\"https:\/\/acceptationdesoi.fr\/\"},{\"@type\":\"ListItem\",\"position\":2,\"name\":\"Qui je suis\"}]},{\"@type\":\"WebSite\",\"@id\":\"https:\/\/acceptationdesoi.fr\/#website\",\"url\":\"https:\/\/acceptationdesoi.fr\/\",\"name\":\"Acceptation de soi\",\"description\":\"Psychoth\u00e9rapie exp\u00e9riencielle en Approche centr\u00e9e sur la personne, selon la voie de Carl Rogers\",\"publisher\":{\"@id\":\"https:\/\/acceptationdesoi.fr\/#organization\"},\"potentialAction\":[{\"@type\":\"SearchAction\",\"target\":{\"@type\":\"EntryPoint\",\"urlTemplate\":\"https:\/\/acceptationdesoi.fr\/?s={search_term_string}\"},\"query-input\":{\"@type\":\"PropertyValueSpecification\",\"valueRequired\":true,\"valueName\":\"search_term_string\"}}],\"inLanguage\":\"fr-FR\"},{\"@type\":\"Organization\",\"@id\":\"https:\/\/acceptationdesoi.fr\/#organization\",\"name\":\"Acceptation de soi\",\"url\":\"https:\/\/acceptationdesoi.fr\/\",\"logo\":{\"@type\":\"ImageObject\",\"inLanguage\":\"fr-FR\",\"@id\":\"https:\/\/acceptationdesoi.fr\/#\/schema\/logo\/image\/\",\"url\":\"https:\/\/acceptationdesoi.fr\/wp-content\/uploads\/2024\/11\/LogoADS.jpg\",\"contentUrl\":\"https:\/\/acceptationdesoi.fr\/wp-content\/uploads\/2024\/11\/LogoADS.jpg\",\"width\":456,\"height\":86,\"caption\":\"Acceptation de soi\"},\"image\":{\"@id\":\"https:\/\/acceptationdesoi.fr\/#\/schema\/logo\/image\/\"}}]}<\/script>\n<!-- \/ Yoast SEO plugin. -->","yoast_head_json":{"title":"Qui je suis - Acceptation de soi","description":"Pourquoi je peux vous aider ? Y voir plus clair pour surmonter vos difficult\u00e9s. Psychoth\u00e9rapeute dans l\u2019Approche Centr\u00e9e sur la Personne.","robots":{"index":"index","follow":"follow","max-snippet":"max-snippet:-1","max-image-preview":"max-image-preview:large","max-video-preview":"max-video-preview:-1"},"canonical":"https:\/\/acceptationdesoi.fr\/index.php\/psychotherapeute\/","og_locale":"fr_FR","og_type":"article","og_title":"Qui je suis - Acceptation de soi","og_description":"Pourquoi je peux vous aider ? Y voir plus clair pour surmonter vos difficult\u00e9s. Psychoth\u00e9rapeute dans l\u2019Approche Centr\u00e9e sur la Personne.","og_url":"https:\/\/acceptationdesoi.fr\/index.php\/psychotherapeute\/","og_site_name":"Acceptation de soi","article_modified_time":"2026-04-06T15:37:04+00:00","og_image":[{"width":1536,"height":1024,"url":"https:\/\/acceptationdesoi.fr\/wp-content\/uploads\/2026\/04\/Seance-de-therapie-apaisante_.png","type":"image\/png"}],"twitter_card":"summary_large_image","twitter_misc":{"Dur\u00e9e de lecture estim\u00e9e":"1 minute"},"schema":{"@context":"https:\/\/schema.org","@graph":[{"@type":"WebPage","@id":"https:\/\/acceptationdesoi.fr\/index.php\/psychotherapeute\/","url":"https:\/\/acceptationdesoi.fr\/index.php\/psychotherapeute\/","name":"Qui je suis - Acceptation de soi","isPartOf":{"@id":"https:\/\/acceptationdesoi.fr\/#website"},"primaryImageOfPage":{"@id":"https:\/\/acceptationdesoi.fr\/index.php\/psychotherapeute\/#primaryimage"},"image":{"@id":"https:\/\/acceptationdesoi.fr\/index.php\/psychotherapeute\/#primaryimage"},"thumbnailUrl":"https:\/\/acceptationdesoi.fr\/wp-content\/uploads\/2026\/04\/Seance-de-therapie-apaisante_.png","datePublished":"2024-11-01T12:01:57+00:00","dateModified":"2026-04-06T15:37:04+00:00","description":"Pourquoi je peux vous aider ? Y voir plus clair pour surmonter vos difficult\u00e9s. Psychoth\u00e9rapeute dans l\u2019Approche Centr\u00e9e sur la Personne.","breadcrumb":{"@id":"https:\/\/acceptationdesoi.fr\/index.php\/psychotherapeute\/#breadcrumb"},"inLanguage":"fr-FR","potentialAction":[{"@type":"ReadAction","target":["https:\/\/acceptationdesoi.fr\/index.php\/psychotherapeute\/"]}]},{"@type":"ImageObject","inLanguage":"fr-FR","@id":"https:\/\/acceptationdesoi.fr\/index.php\/psychotherapeute\/#primaryimage","url":"https:\/\/acceptationdesoi.fr\/wp-content\/uploads\/2026\/04\/Seance-de-therapie-apaisante_.png","contentUrl":"https:\/\/acceptationdesoi.fr\/wp-content\/uploads\/2026\/04\/Seance-de-therapie-apaisante_.png","width":1536,"height":1024},{"@type":"BreadcrumbList","@id":"https:\/\/acceptationdesoi.fr\/index.php\/psychotherapeute\/#breadcrumb","itemListElement":[{"@type":"ListItem","position":1,"name":"Accueil","item":"https:\/\/acceptationdesoi.fr\/"},{"@type":"ListItem","position":2,"name":"Qui je suis"}]},{"@type":"WebSite","@id":"https:\/\/acceptationdesoi.fr\/#website","url":"https:\/\/acceptationdesoi.fr\/","name":"Acceptation de soi","description":"Psychoth\u00e9rapie exp\u00e9riencielle en Approche centr\u00e9e sur la personne, selon la voie de Carl Rogers","publisher":{"@id":"https:\/\/acceptationdesoi.fr\/#organization"},"potentialAction":[{"@type":"SearchAction","target":{"@type":"EntryPoint","urlTemplate":"https:\/\/acceptationdesoi.fr\/?s={search_term_string}"},"query-input":{"@type":"PropertyValueSpecification","valueRequired":true,"valueName":"search_term_string"}}],"inLanguage":"fr-FR"},{"@type":"Organization","@id":"https:\/\/acceptationdesoi.fr\/#organization","name":"Acceptation de soi","url":"https:\/\/acceptationdesoi.fr\/","logo":{"@type":"ImageObject","inLanguage":"fr-FR","@id":"https:\/\/acceptationdesoi.fr\/#\/schema\/logo\/image\/","url":"https:\/\/acceptationdesoi.fr\/wp-content\/uploads\/2024\/11\/LogoADS.jpg","contentUrl":"https:\/\/acceptationdesoi.fr\/wp-content\/uploads\/2024\/11\/LogoADS.jpg","width":456,"height":86,"caption":"Acceptation de soi"},"image":{"@id":"https:\/\/acceptationdesoi.fr\/#\/schema\/logo\/image\/"}}]}},"jetpack_sharing_enabled":true,"_links":{"self":[{"href":"https:\/\/acceptationdesoi.fr\/index.php\/wp-json\/wp\/v2\/pages\/425","targetHints":{"allow":["GET"]}}],"collection":[{"href":"https:\/\/acceptationdesoi.fr\/index.php\/wp-json\/wp\/v2\/pages"}],"about":[{"href":"https:\/\/acceptationdesoi.fr\/index.php\/wp-json\/wp\/v2\/types\/page"}],"author":[{"embeddable":true,"href":"https:\/\/acceptationdesoi.fr\/index.php\/wp-json\/wp\/v2\/users\/1"}],"replies":[{"embeddable":true,"href":"https:\/\/acceptationdesoi.fr\/index.php\/wp-json\/wp\/v2\/comments?post=425"}],"version-history":[{"count":77,"href":"https:\/\/acceptationdesoi.fr\/index.php\/wp-json\/wp\/v2\/pages\/425\/revisions"}],"predecessor-version":[{"id":2562,"href":"https:\/\/acceptationdesoi.fr\/index.php\/wp-json\/wp\/v2\/pages\/425\/revisions\/2562"}],"wp:attachment":[{"href":"https:\/\/acceptationdesoi.fr\/index.php\/wp-json\/wp\/v2\/media?parent=425"}],"curies":[{"name":"wp","href":"https:\/\/api.w.org\/{rel}","templated":true}]}}